{"id":6467,"date":"2016-05-03T09:03:41","date_gmt":"2016-05-03T09:03:41","guid":{"rendered":"https:\/\/www.pasquiniebini.com\/prodotti\/cratere-redonda\/"},"modified":"2022-10-06T13:48:39","modified_gmt":"2022-10-06T12:48:39","slug":"cratere-jardinera-redonda","status":"publish","type":"product","link":"https:\/\/www.pasquiniebini.com\/es\/producto\/cratere-jardinera-redonda\/","title":{"rendered":"Cratere Jardinera Redonda"},"content":{"rendered":"<p style=\"text-align: left;\"><span data-sheets-value=\"{&quot;1&quot;:2,&quot;2&quot;:&quot;Macetas b\u00e1sicas, con forma c\u00f3nica, indispensables para los amantes de la vegetaci\u00f3n. Ligeras y resistentes, son perfectas para decorar con refinamiento cualquier ambiente interior y exterior.&quot;}\" data-sheets-userformat=\"{&quot;2&quot;:14657,&quot;3&quot;:{&quot;1&quot;:0,&quot;3&quot;:1},&quot;9&quot;:1,&quot;11&quot;:4,&quot;14&quot;:{&quot;1&quot;:2,&quot;2&quot;:0},&quot;15&quot;:&quot;Calibri&quot;,&quot;16&quot;:8}\">Macetas b\u00e1sicas, con forma c\u00f3nica, indispensables para los amantes de la vegetaci\u00f3n. Ligeras y resistentes, son perfectas para decorar con refinamiento cualquier ambiente interior y exterior.<\/span><\/p>\n<p style=\"text-align: left;\">\n","protected":false},"excerpt":{"rendered":"<p><span data-sheets-value=\"{&quot;1&quot;:2,&quot;2&quot;:&quot;Maceta redonda realizada con moldeo rotacional.&quot;}\" data-sheets-userformat=\"{&quot;2&quot;:14657,&quot;3&quot;:{&quot;1&quot;:0,&quot;3&quot;:1},&quot;9&quot;:1,&quot;11&quot;:4,&quot;14&quot;:{&quot;1&quot;:2,&quot;2&quot;:0},&quot;15&quot;:&quot;Calibri&quot;,&quot;16&quot;:8}\">Maceta redonda realizada con moldeo rotacional.<\/span><\/p>\n","protected":false},"featured_media":38663,"template":"","meta":{"inline_featured_image":false},"product_brand":[],"product_cat":[188],"product_tag":[238,237],"esigenze":[1351],"tipologie":[],"class_list":{"0":"post-6467","1":"product","2":"type-product","3":"status-publish","4":"has-post-thumbnail","6":"product_cat-linea-rotacional-teiplast","7":"product_tag-macetas-para-ambientes-interiores","8":"product_tag-macetas-para-exteriores","9":"esigenze-macetas-decorativas","11":"first","12":"instock","13":"shipping-taxable","14":"purchasable","15":"product-type-variable"},"acf":[],"_links":{"self":[{"href":"https:\/\/www.pasquiniebini.com\/es\/wp-json\/wp\/v2\/product\/6467","targetHints":{"allow":["GET"]}}],"collection":[{"href":"https:\/\/www.pasquiniebini.com\/es\/wp-json\/wp\/v2\/product"}],"about":[{"href":"https:\/\/www.pasquiniebini.com\/es\/wp-json\/wp\/v2\/types\/product"}],"wp:featuredmedia":[{"embeddable":true,"href":"https:\/\/www.pasquiniebini.com\/es\/wp-json\/wp\/v2\/media\/38663"}],"wp:attachment":[{"href":"https:\/\/www.pasquiniebini.com\/es\/wp-json\/wp\/v2\/media?parent=6467"}],"wp:term":[{"taxonomy":"product_brand","embeddable":true,"href":"https:\/\/www.pasquiniebini.com\/es\/wp-json\/wp\/v2\/product_brand?post=6467"},{"taxonomy":"product_cat","embeddable":true,"href":"https:\/\/www.pasquiniebini.com\/es\/wp-json\/wp\/v2\/product_cat?post=6467"},{"taxonomy":"product_tag","embeddable":true,"href":"https:\/\/www.pasquiniebini.com\/es\/wp-json\/wp\/v2\/product_tag?post=6467"},{"taxonomy":"esigenze","embeddable":true,"href":"https:\/\/www.pasquiniebini.com\/es\/wp-json\/wp\/v2\/esigenze?post=6467"},{"taxonomy":"tipologie","embeddable":true,"href":"https:\/\/www.pasquiniebini.com\/es\/wp-json\/wp\/v2\/tipologie?post=6467"}],"curies":[{"name":"wp","href":"https:\/\/api.w.org\/{rel}","templated":true}]}}

<p style="text-align: left;"><span data-sheets-value="{&quot;1&quot;:2,&quot;2&quot;:&quot;Macetas básicas, con forma cónica, indispensables para los amantes de la vegetación. Ligeras y resistentes, son perfectas para decorar con refinamiento cualquier ambiente interior y exterior.&quot;}" data-sheets-userformat="{&quot;2&quot;:14657,&quot;3&quot;:{&quot;1&quot;:0,&quot;3&quot;:1},&quot;9&quot;:1,&quot;11&quot;:4,&quot;14&quot;:{&quot;1&quot;:2,&quot;2&quot;:0},&quot;15&quot;:&quot;Calibri&quot;,&quot;16&quot;:8}">Macetas básicas, con forma cónica, indispensables para los amantes de la vegetación. Ligeras y resistentes, son perfectas para decorar con refinamiento cualquier ambiente interior y exterior.</span></p>
<p style="text-align: left;">
